 the remainder when 986 is divided by 30.
26
Calculate the remainder when 370 is divided by 53.
52
Calculate the remainder when 322 is divided by 16.
2
What is the remainder when 582 is divided by 28?
22
Calculate the remainder when 5379 is divided by 69.
66
What is the remainder when 1153 is divided by 286?
9
What is the remainder when 85 is divided by 26?
7
Calculate the remainder when 2123 is divided by 530.
3
Calculate the remainder when 158 is divided by 47.
17
What is the remainder when 86 is divided by 46?
40
What is the remainder when 639 is divided by 20?
19
What is the remainder when 1825 is divided by 31?
27
Calculate the remainder when 415 is divided by 189.
37
Calculate the remainder when 7522 is divided by 1252.
10
Calculate the remainder when 625 is divided by 3.
1
Calculate the remainder when 809 is divided by 15.
14
Calculate the remainder when 443 is divided by 7.
2
Calculate the remainder when 44 is divided by 7.
2
What is the remainder when 638 is divided by 40?
38
Calculate the remainder when 4669 is divided by 16.
13
What is the remainder when 543 is divided by 35?
18
Calculate the remainder when 3744 is divided by 935.
4
Calculate the remainder when 641 is divided by 92.
89
What is the remainder when 1146 is divided by 312?
210
What is the remainder when 666 is divided by 224?
218
Calculate the remainder when 1397 is divided by 28.
25
What is the remainder when 4228 is divided by 45?
43
Calculate the remainder when 23 is divided by 16.
7
Calculate the remainder when 294 is divided by 104.
86
What is the remainder when 570 is divided by 173?
51
Calculate the remainder when 20 is divided by 11.
9
Calculate the remainder when 1164 is divided by 62.
48
What is the remainder when 72 is divided by 5?
2
What is the remainder when 366 is divided by 119?
9
Calculate the remainder when 220 is divided by 117.
103
What is the remainder when 335 is divided by 104?
23
What is the remainder when 1990 is divided by 91?
79
What is the remainder when 54 is divided by 30?
24
Calculate the remainder when 1658 is divided by 128.
122
Calculate the remainder when 2089 is divided by 27.
10
Calculate the remainder when 35 is divided by 11.
2
Calculate the remainder when 24 is divided by 13.
11
What is the remainder when 189 is divided by 19?
18
What is the remainder when 434 is divided by 24?
2
Calculate the remainder when 128 is divided by 82.
46
What is the remainder when 115 is divided by 28?
3
Calculate the remainder when 5294 is divided by 1764.
2
What is the remainder when 5215 is divided by 16?
15
Calculate the remainder when 44 is divided by 9.
8
Calculate the remainder when 1050 is divided by 34.
30
Calculate the remainder when 291 is divided by 14.
11
Calculate the remainder when 565 is divided by 5.
0
Calculate the remainder when 214 is divided by 32.
22
What is the remainder when 706 is divided by 91?
69
Calculate the remainder when 209 is divided by 144.
65
What is the remainder when 1257 is divided by 141?
129
Calculate the remainder when 34 is divided by 13.
8
Calculate the remainder when 56 is divided by 3.
2
What is the remainder when 12 is divided by 2?
0
What is the remainder when 1463 is divided by 727?
9
Calculate the remainder when 850 is divided by 142.
140
Calculate the remainder when 502 is divided by 36.
34
What is the remainder when 33 is divided by 13?
7
What is the remainder when 327 is divided by 303?
24
Calculate the remainder when 141 is divided by 51.
39
What is the remainder when 34 is divided by 24?
10
What is the remainder when 178 is divided by 40?
18
What is the remainder when 1642 is divided by 401?
38
Calculate the remainder when 126 is divided by 41.
3
Calculate the remainder when 507 is divided by 165.
12
Calculate the remainder when 714 is divided by 45.
39
What is the remainder when 194 is divided by 98?
96
Calculate the remainder when 4735 is divided by 72.
55
Calculate the remainder when 415 is divided by 272.
143
Calculate the remainder when 95 is divided by 91.
4
Calculate the remainder when 194 is divided by 10.
4
What is the remainder when 1068 is divided by 258?
36
What is the remainder when 96 is divided by 42?
12
What is the remainder when 830 is divided by 214?
188
What is the remainder when 11603 is divided by 14?
11
Calculate the remainder when 73 is divided by 43.
30
What is the remainder when 371 is divided by 338?
33
Calculate the remainder when 272 is divided by 120.
32
What is the remainder when 7582 is divided by 37?
34
Calculate the remainder when 170 is divided by 114.
56
Calculate the remainder when 54 is divided by 19.
16
What is the remainder when 59 is divided by 11?
4
Calculate the remainder when 2127 is divided by 76.
75
Calculate the remainder when 1023 is divided by 27.
24
What is the remainder when 92 is divided by 31?
30
Calculate the remainder when 129 is divided by 46.
37
Calculate the remainder when 3149 is divided by 27.
17
Calculate the remainder when 6741 is divided by 39.
33
Calculate the remainder when 538 is divided by 7.
6
Calculate the remainder when 694 is divided by 145.
114
What is the remainder when 237 is divided by 124?
113
What is the remainder when 374 is divided by 61?
8
Calculate the remainder when 396 is divided by 70.
46
What is the remainder when 3056 is divided by 45?
41
Calculate the remainder when 218 is divided by 140.
78
Calculate the remainder when 4833 is divided by 93.
90
Calculate the remainder when 389 is divided by 85.
49
Calculate the remainder when 208 is divided by 68.
4
What is the remainder when 223 is divided by 16?
15
What is the remainder when 277 is divided by 8?
5
What is the remainder when 160 is divided by 23?
22
Calculate the remainder when 661 is divided by 182.
115
Calculate the remainder when 181 is divided by 150.
31
Calculate the remainder when 84 is divided by 31.
22
What is the remainder when 425 is divided by 13?
9
What is the remainder when 641 is divided by 266?
109
Calculate the remainder when 1321 is divided by 160.
41
Calculate the remainder when 17303 is divided by 56.
55
What is the remainder when 7150 is divided by 65?
0
What is the remainder when 949 is divided by 56?
53
Calculate the remainder when 67 is divided by 37.
30
Calculate the remainder when 2254 is divided by 3.
1
What is the remainder when 4682 is divided by 33?
29
Calculate the remainder when 53 is divided by 7.
4
Calculate the remainder when 108 is divided by 28.
24
Calculate the remainder when 313 is divided by 79.
76
Calculate the remainder when 1141 is divided by 11.
8
What is the remainder when 83 is divided by 27?
2
Calculate the remainder when 30 is divided by 20.
10
What is the remainder when 523 is divided by 199?
125
Calculate the remainder when 630 is divided by 30.
0
What is the remainder when 203 is divided by 35?
28
Calculate the remainder when 370 is divided by 63.
55
What is the remainder when 127 is divided by 113?
14
Calculate the remainder when 645 is divided by 18.
15
Calculate the remainder when 261 is divided by 123.
15
Calculate the remainder when 454 is divided by 38.
36
What is the remainder when 633 is divided by 20?
13
Calculate the remainder when 743 is divided by 226.
65
Calculate the remainder when 3758 is divided by 80.
78
Calculate the remainder when 154 is divided by 106.
48
What is the remainder when 225 is divided by 46?
41
Calculate the remainder when 1139 is divided by 1126.
13
What is the remainder when 151 is divided by 64?
23
What is the remainder when 1119 is divided by 32?
31
Calculate the remainder when 274 is divided by 118.
38
What is the remainder when 524 is divided by 19?
11
Calculate the remainder when 10763 is divided by 30.
23
What is the remainder when 75 is divided by 70?
5
Calculate the remainder when 989 is divided by 82.
5
Calculate the remainder when 835 is divided by 24.
19
Calculate the remainder when 383 is divided by 127.
2
Calculate the remainder when 434 is divided by 28.
14
Calculate the remainder when 1487 is divided by 39.
5
Calculate the remainder when 262 is divided by 44.
42
What is the remainder when 5843 is divided by 2?
1
What is the remainder when 541 is divided by 140?
121
Calculate the remainder when 4445 is divided by 39.
38
What is the remainder when 27 is divided b